(-1)/1 - -27 - 2. Suppose -q + l = q. List the prime factors of q.
2, 3
Suppose 0 = 3*m + 27 - 273. Let y = m - 48. List the prime factors of y.
2, 17
Suppose 2*h + 24 = 6. Let o = 14 + h. List the prime factors of o.
5
What are the prime factors of -3 - (64/(-1) - -4)?
3, 19
Suppose 5*p + 4*i = 751 + 476, 5*p + 5*i - 1230 = 0. List the prime factors of p.
3
Let x(h) = -h**3 + 2*h**2 - h + 4. Let z be x(3). Let l = z + 13. Suppose -2*r - r = 4*a - 33, l = -r. List the prime factors of a.
2, 3
Let b(l) = -l**2 - 9*l + 2. Let q be b(-9). Suppose -q*g + 51 + 5 = 0. List the prime factors of g.
2, 7
Suppose -5*b + 5 = 5*m, 0 = 4*m - 5 + 1. Suppose 5*r + 4*z - 6 = b, 2*z + 3 = 4*r - 7. List the prime factors of r.
2
Let m = 23 + -19. Suppose m = -i + 16. What are the prime factors of i?
2, 3
Suppose -4*i + 12 = 5*a - 32, -i + 22 = 4*a. Let o = 0 + i. List the prime factors of o.
2, 3
Let o = 32 + -31. Let x(a) = 11*a**3 - 2*a**2 + 2*a - 1. Let w be x(1). Let i = w - o. What are the prime factors of i?
3
Let z(x) = x**3 + 12*x**2 - 3*x - 22. What are the prime factors of z(-12)?
2, 7
Let n(a) = a + 21. Let v be n(-11). Let w be v/65 + 2/(-13). Suppose -5*j + 14 + 21 = w. What are the prime factors of j?
7
Let f(q) = 2 - 4 - 7 - 5*q. Suppose -2*s + 5*h = -7*s - 40, 0 = 3*h + 6. What are the prime factors of f(s)?
3, 7
Let i = 253 - 90. List the prime factors of i.
163
Let f = -8 + 101. What are the prime factors of f?
3, 31
Suppose -8*r + 4*r + 228 = 0. List the prime factors of r.
3, 19
Let z(u) = u**2 + 3*u + 6. Let p be z(-5). Suppose 3*n + n = -p. Let s = 6 - n. What are the prime factors of s?
2, 5
Let m(k) = 3*k**3 - 9*k**2 + 5*k + 2. Let b(h) = 2*h**3 - 5*h**2 + 2*h + 1. Let d(r) = 7*b(r) - 4*m(r). List the prime factors of d(3).
2, 11
Suppose -35 = -q + 40. Let y = 123 - q. What are the prime factors of y?
2, 3
Let d = 11 + -17. Let z(o) = -8*o - 7*o**2 - 2*o**3 + 6 + o**3 - 15. What are the prime factors of z(d)?
3
Let b(s) = 2*s**3 + 2*s + 3. Let l = 5 - 2. Let q be b(l). Suppose 19 = -4*y + q. What are the prime factors of y?
11
Let h(i) = -4*i + 3*i**2 - i**2 + 0*i + 2. Suppose -4*y = -3*w - 17, w + 2*w + 9 = 0. List the prime factors of h(y).
2
Let a = -10 - -11. Let v(l) = 38*l**3 - 2*l**2 + l. List the prime factors of v(a).
37
Let n(x) = -x**2 + 7*x - 5. Suppose -5*h = -p + 30 - 1, 3*p = -h + 7. What are the prime factors of n(p)?
7
Let r(b) = -4*b - 6. Let v(w) = -3*w - 7. Let k(g) = 3*r(g) - 2*v(g). Let z = 4 + -7. What are the prime factors of k(z)?
2, 7
Suppose -f - 3 = 5*c, -f = 4*f + 5*c - 85. List the prime factors of f.
2, 11
Suppose 0 = 4*m + m - 5. Let k(q) = q. Let y be k(m). What are the prime factors of 1 - y/((-3)/15)?
2, 3
Let v be -8 + 6 + 7*1. Suppose 3*w = 2*r + 28, -2*r - 2*r - 48 = -v*w. Let b = w - -1. What are the prime factors of b?
3
Let h = -4 + 5. Let d = -17 + h. Let n = d - -26. List the prime factors of n.
2, 5
Suppose 3*h + n - 24 = 0, 5*n + 7 - 19 = -3*h. Let f be 3/h + 5/3. Let r = f - -2. List the prime factors of r.
2
Let q = 15 - -6. Suppose -3*b = 18 + q. Let u = -2 - b. What are the prime factors of u?
11
Let x = -3 + 7. Let y(g) = -g**2 + 7*g + 4. Let k be y(x). Suppose 4*u = k + 24. List the prime factors of u.
2, 5
Let n(d) = -23*d + 11. What are the prime factors of n(-3)?
2, 5
Suppose -5*o + 2*o - h = -15, 0 = o - 3*h + 5. Let c be 174/4 - (-4)/8. Suppose -8*x + o*x = -c. What are the prime factors of x?
11
Let a(m) be the third derivative of -m**4/12 + m**3/6 - m**2. Let z be a(-1). Suppose 0 = -z*l - 3*d + 24, 6*d - 10 = d. What are the prime factors of l?
2, 3
Suppose 4 = 4*t - 3*u, 3*t + 2*t = 4*u + 4. Suppose -3*a + 47 = -w, -2 = t*w - 6. List the prime factors of a.
2
Suppose -4*i + 63 = 3*n, n - 16 = -3*i + 5. What are the prime factors of n?
3, 7
Suppose 0*p + p = 0. Let t be p + 0 + 1 + -1. List the prime factors of (-38)/(3 + t + -5).
19
Suppose 0 = -2*o + 2*x - 14, 2*x - 3 - 2 = -o. Let p(r) = 5*r**2 - 3*r - 9. Let v(d) = d**2 - 1. Let k(a) = -p(a) + 6*v(a). List the prime factors of k(o).
3
Let v = 3 - 0. List the prime factors of v.
3
Let r(j) = 15*j - 4. Let d(w) = 7*w - 2. Let b(f) = -9*d(f) + 4*r(f). What are the prime factors of b(-2)?
2
Suppose 9 - 33 = 3*l. Let x = l - -13. Suppose -x = -2*j + 9. What are the prime factors of j?
7
Let f be 14/3 + (-6)/9. Suppose 0 = 5*p - 6*p + f. Suppose p*a - 14 = 10. What are the prime factors of a?
2, 3
What are the prime factors of 3/4 + (-276)/(-16)?
2, 3
Let d(a) = -2*a + 43. List the prime factors of d(-25).
3, 31
Suppose -4*h - 30 = -9*h. Let d(u) = 7*u + 3. Let x be d(h). Suppose -x = -5*l - 3*n, 2*n = l + 2 + 2. List the prime factors of l.
2, 3
Suppose 3*v = v + 82. What are the prime factors of v?
41
Let l(h) = h - 1. Let d be l(5). Suppose 0 = 4*q + 4*x + 16, q - 5*x = -d*x + 2. What are the prime factors of (-3 + q)*88/(-32)?
11
Suppose -4*z - 7 - 33 = 0. Let g = z + 16. What are the prime factors of g?
2, 3
Suppose -2*x = -5 - 1. List the prime factors of 1*14*x/6.
7
Let r(w) = w + 0 + 7*w + 3 + w**2. Let u be r(-7). What are the prime factors of 50/u*(-12)/15?
2, 5
Let n(j) = -3*j - 2. Suppose -3*v + 25 = 2*v. Suppose -v*c + 8*c = -15. List the prime factors of n(c).
13
Let r(k) be the second derivative of k**4/12 + k**3 + 3*k**2/2 - 4*k. List the prime factors of r(-8).
19
Let m be 322/((-3)/(12/(-8))). Suppose 3*h + 20 - m = 0. List the prime factors of h.
47
Let a be (2 + -1 - 1) + 3. Suppose 26 = h - a*h. Let d = -8 - h. What are the prime factors of d?
5
Suppose -5*y = -0*y. Suppose 5*n + y*n + 20 = 0. What are the prime factors of ((-2)/(-4))/((-1)/n)?
2
Suppose r - 2*a = -3*r + 336, 0 = 4*r - 3*a - 340. List the prime factors of r.
2, 41
Let m = 32 - 56. Let l = 40 + m. What are the prime factors of l?
2
Let j(g) = g**3 + 3*g**2 - 4*g. Let b be j(-4). List the prime factors of (b - 2)/((-8)/96).
2, 3
Let g = 4 - -28. List the prime factors of g.
2
Let c(j) = -6*j - 11. What are the prime factors of c(-6)?
5
Let l = -31 + 52. What are the prime factors of l?
3, 7
Let n(u) = -6*u**2 + 3*u - 5. Let q(k) = -13*k**2 + 6*k - 11. Let c(y) = -9*n(y) + 4*q(y). List the prime factors of c(5).
2, 3
Suppose -18 + 3 = -5*n. Suppose -2*o - n*t + 40 = -2, 4*t + 32 = o. Suppose o = 2*d - 0. List the prime factors of d.
2, 3
Suppose -3*k - k + 8 = 0. Suppose y = -k*z + 68, -3*y = 4*z + 2*y - 124. What are the prime factors of z?
2, 3
Let u(v) = 6*v + 3. What are the prime factors of u(10)?
3, 7
Let i = -102 - -352. What are the prime factors of i?
2, 5
Let m be 0/(1 - -2 - 2). Suppose t + 0*t + 1 = m, 2*t + 87 = -5*u. Let r = -12 - u. List the prime factors of r.
5
Suppose 0 = -3*n + 3*h - 18, 2*n - 3*h = -2*h - 10. Let t(q) = 1 - 1 - 5*q - 5*q**2 + 1 - q**3. List the prime factors of t(n).
5
Let y be (-2)/5 + (-51)/(-15). Suppose y*m = -m. Suppose -2*u - u + 5*d - 13 = m, -3*u = d - 17. What are the prime factors of u?
2
Suppose x + 2*x = 0. Suppose x = -6*y + 5*y + 160. List the prime factors of (-4)/(-6) - y/(-12).
2, 7
Let w(b) = b**2 - 7*b - 14. Suppose 34 - 1 = 3*g. List the prime factors of w(g).
2, 3, 5
Suppose -90 - 84 = -3*l. List the prime factors of l.
2, 29
Let d(f) = 5 + 0 + 4*f + 0. Let m be d(-5). Let q = m + 24. List the prime factors of q.
3
Let h(z) = -3*z - 1. Let j be h(-4). Let q(n) = -n + 1. Let c be q(6). Let i = c + j. What are the prime factors of i?
2, 3
Let k be -2 + (-1 - 2) + 3. Let a = 19 + k. What are the prime factors of a?
17
Suppose 0 = -4*z + 348 + 64. List the prime factors of z.
103
Let y = -133 - -141. What are the prime factors of y?
2
Let p be (86 + -8)/(2/2). Suppose m - 72 = -5*q, -2*q = 3*q + 4*m - p. List the prime factors of q.
2, 7
Let w = -7 + 5. What are the prime factors of ((-1)/w)/(1/22)?
11
Let s be (-2)/3 + 42/9. Suppose 2*x - 6 = s. List the prime factors of x.
5
Suppose 0 = 5*m - 4*n - 45, 4*m + n - 45 = -m. Let r = -14 - -9. Let t = r + m. What are the prime factors of t?
2
Suppose -m = 3*j - 13, -4*j - 1 + 19 = m. What are the prime factors of 3*((-57)/(-9) - m)?
5
Let k(l) be the second derivative of l**4/12 - l**3/6 - 5*l**2/2 + 3*l. List the prime factors of k(-4).
3, 5
Suppose -55 = 5*y + 5*h, -h = 3*h - 20. What are the prime factors of (-4)/(-12)*(-1 - y)?
5
Suppose 